culate l(h).
0
Let n = 21 + -26. Let y(h) be the first derivative of h**4/4 + 5*h**3/3 - h**2/2 - 6*h - 24. What is y(n)?
-1
Let n(o) = -14715177*o + 14715176*o - 10 - 4. Let s(k) = -5*k**2 - 1. Let c be s(1). Give n(c).
-8
Let i(s) = s**3 - 7*s**2 - 2*s - 9. Let b(y) = -2*y**3 + 14*y**2 + 5*y + 19. Let k(r) = -6*b(r) - 13*i(r). Determine k(6).
15
Let k(l) = -4*l - 1. Let g be k(1). Let u(p) = -10*p - 29. Let n(x) = 6*x + 16. Let w(j) = 7*n(j) + 4*u(j). What is w(g)?
-14
Let y(o) = 0 + 7 - 57*o + 0 + 6. Let s(q) = -16*q + 3. Let d(n) = 49*n - 9. Let k(p) = -2*d(p) - 7*s(p). Let i(v) = 9*k(v) + 2*y(v). Determine i(-1).
-13
Let h(g) = -g**2 + 6*g - 1. Let m(q) = -q**2 + 6*q - 2. Let o be m(5). Let k(d) = 2*d**2 - 13*d + 2. Let j(c) = o*k(c) + 7*h(c). Determine j(4).
-5
Let v(y) = 8*y + 0 - 17*y**2 + 18*y**2 - 5 - 3. Calculate v(-9).
1
Let v(w) = 3*w - 2. Let h(n) = 21*n - 10. Let f(y) = h(y) - 6*v(y). Calculate f(3).
11
Let t(x) = 0*x - 381 + x + 381. Suppose 0 = -5*r - 6 - 99. Let u be -1 + 7/(r/(-18)). Determine t(u).
5
Let p(c) = -c**3 + c**2 + 2*c - 6. Let y(g) = 2*g**2 + g. Let v(s) = -p(s) + 3*y(s). Let x be (28/(-6))/((-4)/12). Let z = 9 - x. Determine v(z).
1
Let u(z) = z**3 - 2*z**2 - 5*z - 4. Suppose h + 0 = -3. Let a(r) = -2*r**3 + 2*r**2 + 4*r + 3. Let w(l) = h*u(l) - 4*a(l). What is w(-1)?
-6
Let b(d) = -d**2 - 3*d. Suppose 11*a - 28 = 18*a. Determine b(a).
-4
Let p(v) = -v - 1. Let t(l) = -l**2 - 5*l - 5. Let n(m) = 10*p(m) - 2*t(m). Let a be ((-30)/(-25))/(4/10). Suppose a*c + 8 = -c. Determine n(c).
8
Let m(o) = -7*o**2 + 8*o + 5. Let y(k) = -k**2 + 3*k + 1. Let c(h) = -h**2 + 4*h + 1. Let w(p) = -2*c(p) + 3*y(p). Let f(q) = m(q) - 6*w(q). Calculate f(3).
-4
Let z(c) = -2*c**2 + 62*c + 56. Let f be z(32). Let j(g) = -g + 1. Give j(f).
9
Let x(n) = -n**3 - 3*n**2 + 2*n - 3. Suppose 0 = 2*c + 39 + 69. Let p = c - -51. What is x(p)?
-9
Let r(m) = 0*m + m + 6*m + 4 - 3*m. Let l = -47 - -47. Let j be (l + 2/(-6))*(-3 - -12). Calculate r(j).
-8
Let c = 61 + -62. Let x(a) = -2*a - 3. Let t(i) = 6*i + 8. Let w(j) = 3*t(j) + 8*x(j). Give w(c).
-2
Let k(t) be the second derivative of t**8/6720 - t**7/630 + t**6/360 - t**5/60 + t**4/4 + 5*t. Let m(u) be the third derivative of k(u). Determine m(4).
6
Let z = 11 + -7. Suppose -1 - 3 = -2*s. Let v(l) = -5*l**3 + 5*l**3 + 5*l + l**s - l**3 - z. Calculate v(3).
-7
Let k(z) be the second derivative of -z**5/20 - z**4/3 + z**3/3 + 3*z**2/2 + 3*z - 15. Determine k(-4).
-5
Let m(a) = -6*a**2 - 9*a - 4*a**2 - 289 + 291 + 11*a. Calculate m(-1).
-10
Let h(a) be the first derivative of -2*a**2 - 5*a - 81. Give h(-2).
3
Let k(g) be the third derivative of g**8/1680 + g**6/360 - g**5/120 + 3*g**4/4 - 19*g**2. Let s(h) be the second derivative of k(h). Determine s(1).
5
Let u(a) = -a**2 - 7*a - 1. Let x be -12*(-5)/20*-2. Let l be u(x). Let j(h) be the first derivative of -h**2/2 + 5*h + 3. Determine j(l).
0
Let s(k) = 3*k**2 - 1. Let r be s(-1). Let w be 212/(-44) + r/(-11). Let l(z) = 2*z + 4 - 7*z + z**3 + 4*z**2 + 0 - 5. Calculate l(w).
-1
Let y(i) = -i**2 - 3*i + 2. Let l(p) = -p**3 - 2*p**2 - p + 2. Let w(a) = a + 16. Let h be w(-15). Let g be l(h). Let d be 1 + (-16 - g)/2. Determine y(d).
-16
Let z(n) be the first derivative of -7/2*n**2 - 1 + 0*n. Suppose 86*o - 83*o = -3. Give z(o).
7
Let c = 2532 - 2538. Let k(f) = -f**3 - 4*f**2 + 6*f - 10. What is k(c)?
26
Let y(g) = -g**3 + 4*g**2 - 4*g + 3. Suppose -22*x = 4*p - 20*x - 2, -3*p + 14 = -x. Determine y(p).
0
Let y(q) = 1 - 6 + 4 - 61*q + 68*q. Let s(u) = -u**3 + 5*u**2 - 4*u + 1. Let r be s(4). Determine y(r).
6
Let r(j) = -30*j**2 + 1. Let b be (-82)/8*2 - 1/2. Let a = b + 20. Calculate r(a).
-29
Let k(w) be the second derivative of w**5/120 + 7*w**4/24 - w**3/6 - w. Let t(i) be the second derivative of k(i). Suppose 25*f + 258 = -18*f. Calculate t(f).
1
Let i(z) = 3*z**2 - 2*z - 2. Suppose -4*a + 51 = 5*p, 2*a = 4*p - p - 13. Let h = p - 3. Suppose -2*r + h*r + 2*u + 6 = 0, -5*r - 4*u - 10 = 0. Give i(r).
6
Let w(y) = 75*y**2 - 2 + 1 - 75*y**2 - y**3. Let b(r) = -3*r**3 - 3. Let d(f) = -2*b(f) + 5*w(f). Suppose v - 7 - 4 = 5*t, 0 = -5*t - 10. What is d(v)?
2
Let h(a) = -a**3 - 4*a**2 + 6*a + 5. Let c be h(-5). Suppose 3*p - 6*p + 15 = c. Let m(r) = -4*r - 8 + r - 7 - 6*r**2 + r**3 + 10*r + 8. Determine m(p).
3
Let t(w) be the first derivative of 4*w**2 + w + 109. Determine t(-1).
-7
Suppose 201*n - 177*n + 168 = 0. Let p(w) = -w**3 - 7*w**2 + w + 6. What is p(n)?
-1
Let l be (-2 - -2)*3/(-9). Suppose 0 = 3*v + 4*c + 1 - 9, 4*c - 8 = l. Suppose v = 4*u + u. Let p(m) = -m**3 + m. Determine p(u).
0
Let b(i) = -i - 7. Suppose 3*x - x = -4*k - 18, -k - 3*x = 12. Let c be b(k). Let q(y) = 28 - 4*y - y**2 + 24 - 2*y - 47. Determine q(c).
13
Let k(x) = -2*x**2 + 8 + 9*x**2 - 7*x**2 - x + x**3 - 6*x**2. Let u be (7 - 3) + 0 - 11. Let y = u - -13. Give k(y).
2
Suppose 2*d - 5*v = 98 + 76, 5*d - 435 = 5*v. Let p be (-5)/25 - d/15. Let y(l) be the third derivative of l**5/60 + l**4/8 - 2*l**3/3 + 9*l**2. Give y(p).
14
Let n be (1 - 1)*-1*-1. Suppose 5*y - 4*y + 1 = n. Let s(x) = -x**2 - 2*x. Determine s(y).
1
Let x(s) = 3*s**2 + 1. Let w(p) = -4*p**3 + 3*p**2 - 3*p - 1. Let y(h) = w(h) - x(h). Give y(-1).
5
Let p(k) = -k**2 + 14*k - 3. Let x(o) = 2*o**2 - 26*o + 6. Let l(g) = -11*p(g) - 6*x(g). What is l(2)?
-3
Let k(n) = n**2 + 15*n - 18. Let l be k(-16). Let m be 3/(-1 + l) + 1. Let u(o) = o**2 + o - 7. What is u(m)?
-7
Suppose 0 = -14*i + 3162 - 3218. Let j(s) = s**3 + 3*s**2 + 4*s - 2. Give j(i).
-34
Let y(o) = o**3 - 4*o**2 + 2*o - 3. Let b be y(4). Suppose b*x + 0*k - 25 = -2*k, -4*k + 14 = -2*x. Let h(g) = 7*g - 5*g - 5 - x*g. Give h(-5).
0
Let f(h) = -2*h**2 - h + 12. Let y be 1/(-2) + 702/(-156). Determine f(y).
-33
Let h(w) = w - 1. Let k be h(-3). Let o(x) = -5*x**2 + x - 5. Let t(b) = b**2 + b**2 - 3*b**2 - 5*b + 6*b. Let m(j) = o(j) - 4*t(j). Determine m(k).
-9
Let l(f) = f**3 - 6*f**2 + 2*f - 2. Suppose t + 35 = -3*n + 124, 5*t - 389 = -n. Let g = t - 71. Give l(g).
10
Suppose 10 = 18*t - 21*t - 2*l, -3*l = t - 6. Let b(f) = -f**3 - 4*f**2 + 10*f + 9. What is b(t)?
21
Let y(j) = 5*j**2 + 8*j + 3. Let k(m) = -6*m**2 - 10*m - 4. Let t(w) = 4*k(w) + 5*y(w). What is t(-2)?
3
Let d(c) be the third derivative of -c**5/60 + 5*c**4/24 + 2*c**3/3 - c**2 - 2. Calculate d(7).
-10
Let t(j) = 7*j - 5. Suppose -9*c = -13*c - 2*h + 20, -2*h = -5*c + 34. Calculate t(c).
37
Let o = 77 - 73. Let z be (6/(-24)*o)/(1/5). Let f(r) = -r. What is f(z)?
5
Suppose 4*v - 3 - 33 = 0. Let m be v + -1 + (1 - 3). Suppose 6 = 4*q - m*q. Let t(g) = 4*g + 1. Calculate t(q).
-11
Suppose -35*s - 11 - 94 = 0. Let t(r) = 8*r. Determine t(s).
-24
Suppose -31*p = -0*p - 186. Let n(b) = -b**2 + 8*b - 10. Calculate n(p).
2
Let w(u) = -2*u - 5. Let h(q) = -4*q - 5. Let d(m) = -2*h(m) + 3*w(m). What is d(8)?
11
Let l(n) = n**2 - 13*n + 14. Let a(u) = -u + 1. Let g(k) = 3*a(k) + l(k). Calculate g(12).
-31
Let y be 15/4 + (-6)/8. Suppose y*h - 3*z - 10 = -4, -31 = 2*h + 5*z. Let o(c) = 2*c**2 + 5*c + 2. What is o(h)?
5
Let u(k) = -k**2 + k. Suppose 2*f - 10 = -2*w, f - 8 = -4*w + 3. Suppose -8*r = -w*r - 6. Calculate u(r).
0
Let n = 45 - 44. Let d be -5 + 5 + 1 - -6*n. Let k(v) = v**2 - 8*v + 9. Give k(d).
2
Let l = -107 + 110. Let f(b) = b**3 - 2*b**2 + 3. Let x(q) = 4*q**3 - 7*q**2 + 13. Let w(n) = -9*f(n) + 2*x(n). Calculate w(l).
8
Let q(f) = 10*f + 0 - 17*f + 4. Give q(3).
-17
Let q(s) = -4*s - 13. Let l be q(-7). Suppose g = 6*g + l. Let y(b) = -b**2 - 9. Let i(f) = f**2 + 8. Let w(m) = g*y(m) - 4*i(m). Calculate w(0).
-5
Let s(o) = o**2 - o + 2. Suppose -5*y = -2*y - 2*v - 16, 0 = 3*v + 15. Give s(y).
4
Let l(a) = a. Let o(z) = -z**3 - 5*z**2 - z + 2. Let b be o(-4). Let i = b - -6. What is l(i)?
-4
Let s(k) = -4*k - 2. Let m(q) = q + 1. Let n(t) = m(t) + s(t). Let w(f) = 2*f + 48. Let j be w(-21). Calculate n(j).
-19
Let x(w) = -20*w - 1. Let n(b) = -b**2 + 4*b - 4. Let p be n(1). What is x(p)?
19
Let n = -31 + 36. Let x(q) = -3*q + 3 - 3 + n*q + 2. What is x(5)?
12
Let a = 23 - 21. Let h(n) = 0*n - 12*n**2 - 2*n + 11*n**a. Calculate h(-2).
0
Let m(w) = -2*w**2 - 9*w - 9. Let q(t) = t**3 + 6*t**2 - 4. Let g be q(-6). Determine m(g).
-5
Let f(l) = l**2 + 8*l + 3. Let g(w)